culate b(-4).
4
Suppose -x - 3*n + 3 = -3*x, -2*x = -5*n + 9. Let w(h) = 4*h - 12. Let t be w(6). Let v(r) = -t + x + 6 + 12*r. Determine v(2).
21
Let a = -692 - -708. Let c(s) = -12*s**2 + 2 + 2 + 17*s**3 - a*s**3 + 0*s + 0 + 10*s. Determine c(11).
-7
Let w = 165272 - 165273. Let v(u) be the second derivative of -10*u**4/3 + u**3/3 + u**2/2 - 2*u. Give v(w).
-41
Let n(l) = -2*l. Let i(h) = -h**3 - 4*h**2 - 5*h - 8. Suppose 2*z = 13*z + 22. Let a be i(z). Give n(a).
12
Let h(v) = 2*v**2 + 81*v + 0*v**2 + 223909 - 223870. What is h(-40)?
-1
Suppose -3*s + 5*s + 24 = 0. Let p be ((-6)/s)/((-2)/(-20)). Let h(w) = w**2 - 9*w - 6. Let z(a) = -a**2 + 8*a + 6. Let q(r) = -2*h(r) - 3*z(r). Give q(p).
-11
Let y(n) = -17*n + 1. Let k(w) = 57*w + 76. Let b(l) = k(l) + 3*y(l). Calculate b(-14).
-5
Let b(m) = -141*m - 16. Let k(q) = -63*q - 8. Let c(v) = 4*b(v) - 9*k(v). Give c(4).
20
Let n(w) = -6*w**2 + 4*w - 26. Let u(i) = -i**2 - i. Let c(z) = n(z) - 5*u(z). Let j be c(6). Let v(t) = t + 9. Calculate v(j).
1
Let l(p) = -4*p**3 - p**2 - 13*p + 13. Let w be (10/(-85))/(-1) + 105/119. Calculate l(w).
-5
Suppose -9*x = -12*x + 51. Suppose q + 12 = x. Let a(p) = -p**3 + 4*p**2 + 2*p + 7. Determine a(q).
-8
Let b be 0*(4/(-2))/(-2). Let a(x) = -10*x + 4 + 2 - 4 + b. Let q(t) = t + 27. Let m be q(-25). Calculate a(m).
-18
Let t(a) be the first derivative of -a**4/4 - 5*a**3/3 + 5*a**2/2 - 3*a - 1. Let x(o) = 59*o - 242. Let w be x(4). Let r be t(w). Let m(i) = i - 4. Give m(r).
-1
Let p(z) be the second derivative of -z**5/120 + 2*z**4/3 + 5*z**3/6 + 17*z**2/2 - 151*z. Let o(b) be the second derivative of p(b). Determine o(11).
5
Let w be (6/(-3))/((-1)/9). Suppose -12*n + w = -10*n. Let q(r) = -13*r + n*r + 5*r. Give q(5).
5
Let h be (6 - 0/(-4)) + -4. Let c(d) = d + 2*d**h + 6*d**2 - 18*d**2 + 9*d**2. Give c(2).
-2
Let r(h) = 4*h**2 + 3*h - 9. Let w(z) = -5*z**2 - 4*z + 13. Let g(q) = -4*r(q) - 3*w(q). Let s be (1*-1)/((-17)/85). Suppose 0*v = -s*v. Calculate g(v).
-3
Let m be ((-810)/24 - -34)*-24. Let r(w) be the first derivative of -w**3/3 - 3*w**2 + 6*w - 1. Calculate r(m).
6
Let b = -76 - -80. Suppose -t - 3*g = b*t - 28, -5*t - g + 26 = 0. Let u(x) = 4 + 3*x + 3 - 9*x + 4*x. Calculate u(t).
-3
Let l(w) = w**3 + 11*w**2 - 79*w + 4. Suppose -187 = 42*o + 485. Determine l(o).
-12
Let i(w) be the second derivative of w**3/3 - 3*w**2 + 20*w. Let k be i(-2). Let o(b) = -10*b. Let f(l) = -30*l. Let z(t) = k*o(t) + 3*f(t). Give z(-1).
-10
Let x be ((-18)/(-16))/((-42)/56)*16/8. Let d(s) = -4*s + 6. What is d(x)?
18
Let u(v) = -2*v + 13. Let j(t) = -16940 - 4*t**3 - t**2 + 16940 + 5*t**2 + 2*t. Let y be j(-1). Give u(y).
1
Let d(p) = -2*p + 5. Suppose 118 = 2*a - 4*t, 0 = -4*a - 2*t + 211 - 15. Suppose -40*l - 44 = -a*l. Calculate d(l).
-3
Let h = -1003/6 - -503/3. Let d(b) be the second derivative of 1/20*b**5 + 0 - b**2 + 7*b - 1/12*b**4 - h*b**3. Give d(3).
7
Suppose m - 6 + 2 = 0. Let b be 2/m*(-5 - 5). Let d be (b/(-2))/((-55)/(-44)). Let w(u) = -u**2 - 2*u + 2. Calculate w(d).
-6
Let w(c) be the third derivative of c**5/60 + c**4/24 - c**3/6 + 2*c**2 + 4*c - 128. Give w(6).
41
Let y be (3 - 3) + -3*2. Let g(t) be the second derivative of 2 + 2/3*t**3 + 2*t - 3*t**2 + 1/12*t**4. Calculate g(y).
6
Let f(d) = 2*d**3 - 4*d**2 - 13*d - 10. Let j(q) = 5*q + 125*q**3 - 25*q - 122*q**3 - 15 - 7*q**2. Let s(n) = 8*f(n) - 5*j(n). What is s(-4)?
-5
Let w(f) be the second derivative of 13*f**3/6 - 7*f**2/2 + 185*f. Determine w(3).
32
Let i(j) = -12*j - 15. Let z be i(-3). Let m(l) = -4*l + z - 4*l + 2 + 5*l. Let w be m(8). Let c(p) = p**3 - p**2 + 1. What is c(w)?
-1
Let x(i) = -13. Suppose 5 = -2*s - h, -s + h = -2*s - 4. Let k(f) = f - 4. Let g(a) = s*x(a) + 3*k(a). What is g(10)?
31
Let v(z) be the third derivative of z**7/5040 + z**6/120 - z**5/60 + 7*z**3/3 - z**2 - 9*z. Let o(k) be the third derivative of v(k). Determine o(-7).
-1
Let s(q) = 17564*q + 17560*q - 35117*q + 11 + q**2. Give s(-8).
19
Suppose -2*s - 18 = -5*d - 63, 0 = -4*s. Let v(g) = g**2 - 6*g - 22. Let q(b) = -b**2 + 9*b + 22. Let x(p) = 4*q(p) + 5*v(p). Calculate x(d).
5
Let y(j) = j**3 - 8*j**2 - 2*j + 16. Let i(g) be the second derivative of -g**3/2 + 25*g**2 + 144*g. Let s be i(14). What is y(s)?
0
Let a = -40 + 84. Let i(g) = -g**3 + 8*g**2 - 4*g - 8. Let v be i(8). Let h = a + v. Let p(m) = -m**3 + 5*m**2 - 5*m + 5. Determine p(h).
1
Let c(a) be the first derivative of -a**3/3 - 7*a**2 - 13*a - 740. Determine c(-13).
0
Let r(x) = x - 45. Suppose 0 = 69*a - 398 + 42 - 58. Calculate r(a).
-39
Suppose 315 = -195*o + 202*o. Suppose o*t = 61*t + 16. Let m(w) = -12*w**2 + w + 1. Determine m(t).
-12
Let w(c) = -c**3 + 7*c**2 + 2*c - 6. Let f(z) = -26*z**3 + 10*z**2 - 2*z - 5. Let i be f(3). Let j = 630 + i. Give w(j).
8
Suppose -46*x + 28*x = -198. Let h(u) = -u**3 + 11*u**2 - u + 15. What is h(x)?
4
Suppose 37 = 38*j + 19 - 134. Let n(z) = -49*z + 180. Determine n(j).
-16
Let l(z) = z + 6642 - 121*z**3 + 14*z**3 - 6642 + 2*z**2. Give l(-1).
108
Let n(b) = b - 3. Let g(p) be the second derivative of 5/2*p**2 + 8*p + 0*p**3 - 7/12*p**4 + 0 + 1/20*p**5. Let l be g(7). Determine n(l).
2
Let a(g) = -g**3 - 15*g**2 + 19*g + 50. Let j be a(-16). Let x(z) = -z**2 + 4*z. Let l(q) = 3*q**2 - 9*q. Let o(f) = j*l(f) + 5*x(f). Give o(2).
8
Let v(w) = -w**2 + 2*w + 5. Let c(d) = 6*d**2 + 58*d - 16. Suppose -7*r - 41 = 29. Let i be c(r). What is v(i)?
-3
Let y(d) = d**3 + 9*d**2 - 25*d - 33. Let n be y(-11). Let i(h) = 1 + h**2 + 15*h - 25*h + 12*h + n*h**2 - 2*h**2. Calculate i(-1).
-2
Suppose 64*t = 66*t + 60. Let k = t + 32. Let c(m) = -8*m**2 + m**3 + 3 - 6*m**2 + k + 5*m + 7*m**2. Calculate c(6).
-1
Suppose -3*g = -2*h - 40 + 23, 3*h + 1 = g. Let r(k) = g - 19 - 10*k + 7*k - k**3 + 9. Give r(-2).
11
Let a(m) = -3*m**2 - 55*m - 12. Let q be ((-21)/28)/((-4)/(-96)). Let i be a(q). Let s(t) = t**3 - 4*t**2 - 12*t + 7. Give s(i).
7
Let d(f) be the first derivative of -5*f**2/2 + 5*f - 17. Suppose 4 + 2 = 2*g. Suppose 5*r = -5*v + 35, -g*v = -3*r - 7*v + 24. Give d(r).
-15
Let f be 4/5*(-795)/(-954)*(-1 + -2). Let l(p) = 13*p**2 - 4*p - 2. What is l(f)?
58
Let j be ((-3)/6)/((-2)/(-36)). Let h be (36/30)/(-3 - 18/(-5)). Let g(p) = -2822 + p**3 + 8*p**h + 2*p**2 + 2827 + 9*p. Determine g(j).
5
Let q be (-46)/(5 - (-465)/(-95)). Let n = q - -425. Let z(m) = -m**3 - 13*m**2 - 13*m - 16. Determine z(n).
-4
Let z(r) = -r**2 - r - 1. Let c be (-78)/(-21) + 112/49 + -2. Let m be 2/5 + (-4)/10. Suppose 5*g + c*x + 6 = 0, -g + 2*g - 4*x + 6 = m. Give z(g).
-3
Let w(k) = 2*k**2 - 7*k - 4. Suppose -6*h + 836 - 890 = 0. Let u be 2/3*h*6/(-9). Calculate w(u).
0
Let w(p) = -p**3 + p - 64. Let n be w(0). Suppose -689*s + 693*s - 5*y = -263, 3*s - 4*y = -197. Let b = s - n. Let q(x) = -x**3 - 3*x**2 - 2. Give q(b).
-2
Suppose 3*d - c = 29 - 25, -24 = 4*d - 5*c. Let o(z) be the second derivative of z**3/3 + z**2 + 2*z. Give o(d).
10
Suppose 631*l = 633*l - 22. Let i(b) = -b**2 + 11*b. Calculate i(l).
0
Let w be 286/330*15 - 8. Let v(m) = -6*m**2 + m + m**2 - m**2 + 5*m + m**3 - 4. Determine v(w).
1
Let b(j) = j**3 - 38*j**2 + 2*j - 72. Let n be -1 + (102/(-7) - -9)*-7. Determine b(n).
4
Let i(g) be the second derivative of -1/6*g**3 - g**2 + 0 + 19*g. Give i(-11).
9
Let b(k) be the first derivative of 9*k**2/2 + 9*k + 1. Let h(z) = -5*z**2 + 87*z - 348. Let n be h(6). What is b(n)?
-45
Let r(h) = 37 + h - h**3 + 7*h - 7249188*h**2 + 7249197*h**2. Calculate r(9).
109
Let l(z) = -30*z + 5. Suppose -8*q + 32 = -7*q - 9*q. What is l(q)?
125
Let a(f) = f**3 - 5*f**2 + 5*f - 2. Suppose 4*q - 79 - 61 = 0. Let w = q + -30. Give a(w).
23
Let s(f) = 2*f**2 - 20*f + 17. Suppose 21*g + 42*g = 25*g + 342. Determine s(g).
-1
Let l(v) = 5*v**3 - 13*v**2 - 21*v - 23. Let i(a) = 3*a**3 + a - 1. Let x(t) = -2*i(t) + l(t). Determine x(-11).
-10
Let y = -94 - -150. Let o = -52 + y. Suppose -3*k = -i + 13, o*k = 2*i + i - 29. Let b(x) = -2*x + 6. What is b(i)?
-8
Let j(q) = 2*q**3 + 27*q**2 + 13*q + 4. Let k be j(-13). Suppose k*c + 12*c = 0. Let p(x) = x**2 + x + 2. What is p(c)?
2
Let t(f) = f**3 - 13*f**2 + 10*f + 16. Suppose -13*k - 30 = 2*k. Let j(l) = -l**3 + 2*l**2 + 2*l. Let q be j(k). Give t(q).
-8
Let d(z) = z**2 - 2. Let n(v) = v 